iple of 648?
False
Is 276668 a multiple of 482?
True
Is 8 a factor of 14467487?
False
Is 39 a factor of 8652?
False
Does 39 divide 39560?
False
Does 556 divide 9334979?
False
Is 711580 a multiple of 24?
False
Is 448958 a multiple of 18?
False
Does 17 divide 278724?
False
Is 30627 a multiple of 249?
True
Does 40 divide 217716?
False
Does 28 divide 136136?
True
Does 54 divide 2722720?
False
Is 1654 a factor of 6938530?
True
Is 238555 a multiple of 173?
False
Is 1429306 a multiple of 107?
True
Is 337946 a multiple of 80?
False
Does 1152 divide 795873?
False
Does 94 divide 6260400?
True
Is 271 a factor of 87804?
True
Is 15 a factor of 27322?
False
Is 3249398 a multiple of 24?
False
Is 141284 even?
True
Is 44 a factor of 466333?
False
Is 13 a factor of 53066?
True
Is 111 a factor of 136516?
False
Is 146 a factor of 3828256?
False
Is 168124 a multiple of 22?
True
Is 293604 a multiple of 33?
False
Is 36864 a multiple of 288?
True
Does 107 divide 2619239?
False
Is 205667 a multiple of 42?
False
Is 47 a factor of 203449?
False
Is 234 a factor of 323037?
False
Does 483 divide 75622?
False
Is 3934656 a multiple of 1242?
True
Does 1121 divide 6013044?
True
Does 775 divide 836225?
True
Does 56 divide 74200?
True
Is 564980 a multiple of 41?
True
Does 189 divide 7386498?
True
Is 143010 a multiple of 18?
True
Is 176 a factor of 400928?
True
Is 112501 a multiple of 10?
False
Does 11 divide 2074702?
False
Is 5 a factor of 1273370?
True
Is 88100 a multiple of 100?
True
Is 18616 a multiple of 8?
True
Is 170 a factor of 843880?
True
Is 27636 a multiple of 329?
True
Is 146 a factor of 347730?
False
Is 16 a factor of 103040?
True
Does 17 divide 181258?
False
Is 2160000 a multiple of 125?
True
Is 419 a factor of 473470?
True
Does 40 divide 289000?
True
Is 18 a factor of 53544?
False
Does 29 divide 163532?
False
Is 3 a factor of 84296?
False
Is 13 a factor of 35004?
False
Is 175469 a multiple of 7?
True
Does 352 divide 2324960?
True
Does 23 divide 1215159?
True
Is 20 a factor of 559407?
False
Does 109 divide 74338?
True
Does 68 divide 1525716?
True
Is 281 a factor of 212624?
False
Is 11 a factor of 62284?
False
Is 44 a factor of 7650544?
True
Does 44 divide 9484376?
True
Is 18 a factor of 9732996?
True
Is 14626258 a multiple of 41?
True
Does 8 divide 18904?
True
Does 21 divide 226475?
False
Does 10 divide 566961?
False
Does 44 divide 413688?
True
Does 495 divide 1278090?
True
Is 2163 a factor of 23412312?
True
Is 193 a factor of 119406?
False
Does 750 divide 1143750?
True
Is 1564258 a multiple of 136?
False
Is 1364272 a multiple of 182?
True
Does 213 divide 17012736?
True
Does 117 divide 871033?
False
Is 29 a factor of 12216018?
True
Is 44179 a multiple of 9?
False
Is 10 a factor of 160780?
True
Is 1866966 a multiple of 134?
False
Does 77 divide 4815427?
False
Is 11 a factor of 12030535?
True
Is 46498 a multiple of 67?
True
Is 65 a factor of 7563606?
False
Is 139920 a multiple of 176?
True
Does 250 divide 2658750?
True
Is 136530 a multiple of 41?
True
Does 4 divide 116216?
True
Is 63 a factor of 2474892?
True
Is 10084519 a multiple of 209?
False
Is 4048488 a multiple of 36?
True
Is 1023929 a multiple of 97?
False
Is 251503 a multiple of 427?
True
Is 33 a factor of 855149?
False
Is 18 a factor of 2763082?
False
Is 70 a factor of 1452920?
True
Is 2411152 a multiple of 22?
False
Does 318 divide 6410880?
True
Is 155450 a multiple of 25?
True
Is 195228 a multiple of 561?
True
Is 1313711 a multiple of 36?
False
Is 2122 a multiple of 4?
False
Is 46 a factor of 1453646?
True
Is 2 a factor of 4597?
False
Is 12496 a multiple of 12?
False
Is 5786698 a multiple of 34?
True
Is 1779199 a multiple of 69?
False
Is 1145358 a multiple of 591?
True
Does 7 divide 158043?
False
Is 369589 a multiple of 844?
False
Is 2069160 a multiple of 16?
False
Is 51 a factor of 174736?
False
Does 19 divide 25745?
True
Is 7 a factor of 236061?
True
Is 13 a factor of 847403?
False
Is 13 a factor of 7204457?
True
Is 85 a factor of 1293881?
False
Is 4 a factor of 1248218?
False
Is 12229686 a multiple of 279?
True
Is 248 a factor of 1187424?
True
Is 16 a factor of 5164639?
False
Does 688 divide 2679760?
True
Is 94799 a multiple of 21?
False
Is 565 a factor of 58629?
False
Is 5 a factor of 227188?
False
Is 621540 a multiple of 4?
True
Does 5 divide 55765?
True
Is 8 a factor of 17504?
True
Is 4 a factor of 272619?
False
Is 780579 a multiple of 9?
True
Is 521703 a multiple of 13?
True
Is 8080640 a multiple of 214?
True
Is 699486 a multiple of 44?
False
Is 11 a factor of 3646929?
True
Is 8282241 a multiple of 92?
False
Is 3772451 a multiple of 911?
True
Does 20 divide 1082000?
True
Is 118628 a multiple of 47?
True
Does 309 divide 154858?
False
Does 48 divide 1226832?
True
Does 165 divide 5586497?
False
Does 29 divide 2295?
False
Does 7 divide 45675?
True
Is 73 a factor of 7880?
False
Does 6 divide 1986224?
False
Is 605895 a multiple of 93?
True
Does 70 divide 555310?
True
Is 179371 a multiple of 991?
True
Is 1753472 a multiple of 448?
True
Is 87607 a multiple of 293?
True
Is 13 a factor of 49173?
False
Is 1501524 a multiple of 6?
True
Does 525 divide 6678000?
True
Is 2865384 a multiple of 34?
True
Is 5203188 a multiple of 803?
False
Is 394677 a multiple of 361?
False
Is 40950 a multiple of 6?
True
Does 203 divide 237916?
True
Is 4300 a multiple of 100?
True
Does 138 divide 174984?
True
Is 744 a factor of 44772?
False
Is 314 a factor of 479792?
True
Is 625 a factor of 3995133?
False
Is 184 a factor of 254288?
True
Does 7 divide 41644?
False
Is 141078 a multiple of 14?
True
Does 8 divide 650704?
True
Does 297 divide 40095?
True
Is 415 a factor of 126575?
True
Is 15 a factor of 28380?
True
Is 90846 a multiple of 42?
True
Is 15 a factor of 15777142?
False
Is 38 a factor of 327665?
False
Is 1532412 a multiple of 42?
True
Does 6 divide 103765?
False
Is 898946 a multiple of 813?
False
Is 6 a factor of 312906?
True
Is 656355 a multiple of 105?
True
Does 57 divide 359442?
True
Is 105278 a multiple of 36?
False
Is 20 a factor of 345878?
False
Does 4 divide 3102088?
True
Is 4643125 a multiple of 23?
True
Is 65 a factor of 101365?
False
Does 16 divide 35433?
False
Is 14536 a multiple of 15?
False
Is 5 a factor of 71278?
False
Does 27 divide 51062?
False
Is 2965570 a multiple of 10?
True
Is 143 a factor of 824109?
True
Is 296270 a multiple of 53?
True
Is 129246 a multiple of 84?
False
Is 212686 a multiple of 41?
False
Does 148 divide 1797608?
True
Is 109 a factor of 134397?
True
Is 1216600 a multiple of 82?
False
Is 12 a factor of 819705?
False
Is 1369760 a multiple of 20?
True
Is 887800 a multiple of 20?
True
Does 839 divide 2116610?
False
Is 79 a factor of 216934?
True
Is 17 a factor of 152309?
False
Is 152 a factor of 998421?
False
Is 31 a factor of 770164?
True
Does 6 divide 461044?
False
Is 725162 a multiple of 43?
False
Does 48 divide 278413?
False
Is 69 a factor of 22149?
True
Is 47 a factor of 110085?
False
Does 120 divide 712206?
False
Is 51352 a multiple of 16?
False
Is 3 a factor of 8758?
False
Is 3282257 a multiple of 403?
False
Is 260 a factor of 1724840?
True
Is 31 a factor of 961093?
True
Does 5 divide 586830?
True
Does 288 divide 78769?
False
Is 122 a factor of 303159?
False
Does 19 divide 756219?
True
Does 42 divide 3915198?
True
Is 853 a factor of 873472?
True
Does 1005 divide 3896385?
True
Does 71 divide 342504?
True
Is 50706 a multiple of 2?
True
Is 20 a factor of 1391038?
False
Is 45 a factor of 123345?
True
Is 548100 a multiple of 9?
True
Does 12 divide 1796?
False
Is 80053 a multiple of 91?
False
Does 29 divide 6554?
True
Does 11 divide 944447?
False
Does 66 divide 14521518?
True
Does 1456 divide 6148688?
True
Is 4 a factor of 124410?
False
Is 3285903 a multiple of 29?
True
Does 2 divide 4728?
True
Is 98560 a multiple of 70?
True
Is 2149771 a multiple of 996?
False
Does 152 divide 85721?
False
Does 2 divide 309708?
True
Does 19 divide 16518684?
False
Does 384 divide 746664?
False
Is 829 a factor of 5667409?
False
Does 27 divide 208386?
True
Is 74 a factor of 199504?
True
Is 386367 a multiple of 139?
False
Does 10 divide 136951?
False
Is 23 a factor of 3777?
False
Is 23 a factor of 620726?
False
Is 210182 a multiple of 14?
True
Is 89 a factor of 86686?
True
Is 16 a factor of 30880?
True
Is 3018 a 